a**2 + 11*a - 7. Let f be h(-11). Let v = f + 10. Suppose o = v*o - 2. Let k(m) = 10*m - 1. What is k(o)?
9
Let d(p) = -5*p - 4. Let l(f) = -4*f - 3. Suppose 3*c = -10 - 8. Suppose 770*b - 63 = 761*b. Let y(z) = b*l(z) + c*d(z). Determine y(-3).
-3
Let j(p) = -5*p**2 - 7*p + 23. Let h(g) = -2*g**2 - 4*g + 11. Suppose 3*c - 35 = 8*c. Let r(m) = c*h(m) + 3*j(m). Let o(u) = u + 1. Let a be o(5). What is r(a)?
-2
Suppose -15 = 4*j + 17. Let v be (j*(-3)/(-15))/(2/10). Let m(i) = 3*i + 7. Give m(v).
-17
Let j(m) be the second derivative of m**6/360 - m**5/120 - 13*m**4/24 + 4*m**3/3 + 14*m. Let f(z) be the second derivative of j(z). Give f(0).
-13
Let n(p) = p**3 + 6*p**2 - 8. Let z = 11 + -2. Suppose z = -3*l - 3. Let s be ((-2)/l)/(3/(-36)). What is n(s)?
-8
Let c(h) = 38*h - 47. Let w(s) = 8*s - 10. Let v(l) = -3*c(l) + 14*w(l). Determine v(2).
-3
Suppose 10*l - l = 45. Let n(x) = -9*x - 5. Let w(d) = 8*d + 6. Let p(u) = l*n(u) + 4*w(u). Calculate p(1).
-14
Let k(o) = 6*o + 54. Let d be k(-11). Let x(w) = w + 4. Give x(d).
-8
Let s(h) = h**3 + h**2 - 3*h - 2. Suppose -a - 3*d = 17, -9*d + 6*d - 19 = 2*a. What is s(a)?
0
Let r(h) = -2*h**2 + 5*h - 3. Suppose 5*p + 18 = 3*o, -4*o - o = -p - 8. Let q be (-3)/7*(-4 + p). What is r(q)?
-6
Let i(n) = 4 - 4*n - 5*n**3 + n**3 + 2*n**3 + 4*n**2 + 3*n**3. Let c be -4 + (6 - 4) + 3/(-1). Determine i(c).
-1
Let u(l) = l**3 + 4*l**2 + l + 4. Let o(h) = h**3 - 40*h**2 - 131*h + 81. Let f be o(43). Determine u(f).
-26
Let n(k) be the second derivative of k**3/2 + 2*k**2 + 2*k. Let j = 18 + -29. Let b(p) = -p**2 - 9*p + 19. Let i be b(j). Calculate n(i).
-5
Let l(c) = c**2 + 8*c - 3. Let u be l(-9). Let i = -4 + u. Let d(x) = 2 - 2 + x + 2*x**i. Determine d(1).
3
Let h(u) = 4*u + 1. Let x(w) = 4*w**2 - 44*w - 51. Let l be x(12). Give h(l).
-11
Let a(f) = f**3 + f - 6. Let q = -105 + 11. Let m = 94 + q. Determine a(m).
-6
Let m(u) = 16*u**3 - 13*u**2 - 3*u - 130. Let s(b) = 5*b**3 - 4*b**2 - b - 43. Let k(w) = 4*m(w) - 13*s(w). Give k(0).
39
Let y(z) = 2*z + 6. Suppose -w + 70 = 4*i, 8*i - 98 = 3*i + 4*w. Suppose 0*m - 108 = -i*m. Give y(m).
18
Suppose 2*u + 6 - 2 = 0. Let d(l) be the second derivative of 5*l**4/12 + 2*l**3/3 + l**2 + 114*l. What is d(u)?
14
Let b(m) = m**3 - 10*m**2 + 8*m + 18. Let s be b(9). Let f(r) = -2 - 7*r + 18*r**2 - 10*r**2 - s*r**2 + 0. Let l = -15 - -9. Give f(l).
4
Let a(z) = -2*z + 7. Let k = 3 - 1. Suppose n = o - 6, -k*o - 4 - 12 = 5*n. Suppose -2*r + 4*l = -22, l = -4*r - o + 19. Calculate a(r).
-3
Let x = 2 - 1. Let p(q) = 2*q - 5. Let w(m) = -1. Let k(y) = -y - 4. Let f(u) = k(u) - 5*w(u). Let z(g) = x*p(g) + 4*f(g). Calculate z(1).
-3
Suppose -4*c = -3*m - 0 - 2, m + 4 = 3*c. Let y(b) = 7*b**2 - b**c + 13 + b**3 - 7*b**2. What is y(0)?
13
Let o(z) = 2*z + 4. Let c be o(-5). Let t = c - -11. Let g(b) = b**3 - 4*b**2 - 3*b - 4. Calculate g(t).
6
Let p(q) = 371 - 121 - 4*q - 119 + 5*q - 120. Give p(7).
18
Let m(y) = y + 4. Let z be m(-2). Let l(o) = -1 - 9*o**2 + 5*o**2 + 3*o**z. Determine l(0).
-1
Let v(o) = 5 - 3 - 8 - o - 5. Let n = -197 - -192. Calculate v(n).
-6
Suppose -g + 6*g = 45. Let a be g + -1 - 0/(-3). Let l(v) = -a*v**2 + 7*v + v**3 - 2 + 2 - 1 + 4. Determine l(7).
3
Let p(g) = -4 - 4*g - g**3 - 6*g**2 - g + g**2. Let d be (1*-1 - 1)/(6/12). Determine p(d).
0
Let j(o) be the second derivative of o**3/6 + 2*o**2 - 27*o + 4. What is j(4)?
8
Suppose 0*r = 16*r - 16. Let i(n) = -27*n - 1. Calculate i(r).
-28
Suppose 1 = -r + 4*r - 2*v, 2*r - 5*v + 3 = 0. Let d be (1 - (r + -2))*-1. Let y(x) be the third derivative of -x**4/4 - x**3/6 + x**2. Calculate y(d).
11
Let y(z) = -z**2 + 14*z - 4. Let s be y(14). Let u be s/3 + (1 - (-6)/(-9)). Let o(q) = -10*q. Calculate o(u).
10
Let j(a) be the first derivative of a**4 + a**3/3 - a**2 + a - 153. Give j(1).
4
Let c(f) be the second derivative of -3/2*f**2 + 0 - 5/6*f**3 + 1/12*f**4 - 32*f. Calculate c(5).
-3
Let n(d) be the third derivative of d**5/60 - d**4/12 - d**3/2 + 2*d**2 + 8. What is n(4)?
5
Suppose -44 = -5*i + 3*c, -c + 6*c = -3*i + 6. Let r(t) = 2*t - 6. Calculate r(i).
8
Suppose 5*x = 204 + 246. Let i(z) = -x*z - 91*z + 177*z. Calculate i(-3).
12
Let o(r) = -r**3 - 11*r**2 - 17*r + 7. Let x(n) = 15*n - 99. Let m be x(6). Give o(m).
-2
Let l(i) = 0*i + i + 3 - 3*i + 0. Let h = 620 - 618. Give l(h).
-1
Suppose 9*b - 128 + 20 = 0. Let c(h) = -2*h**2 - 4 + b - 6 + 3*h**2. What is c(3)?
11
Let l(z) = 10746*z + 10769*z - 21514*z - 14. Suppose 4*f = 4*r - r - 17, r - 3*f - 4 = 0. Calculate l(r).
-7
Let g(y) = 3*y + 1. Let s be g(2). Suppose 5*w - s*w = -16. Let d(f) = -6*f**3 + 0*f**3 + 5*f**3 - w - f - 7*f**2 - 7*f. What is d(-6)?
4
Let t = -799 + 792. Let o(k) = 10*k**2 + 17*k + 27. Let z(v) = 7*v**2 + 11*v + 18. Let a(w) = 5*o(w) - 7*z(w). Give a(t).
2
Let h be 912/3520 + 2/22. Let r(g) be the second derivative of 0*g**3 + h*g**5 + 0 + 0*g**2 + 3*g + 1/12*g**4. Calculate r(-1).
-6
Let b(l) = -l**3 + 5*l**2 - 7*l + 6. Let d(m) = m**3 - 6*m**2 - m - 38. Let n be d(7). Determine b(n).
-6
Let q(o) = 9152 + 2*o + o - 9155. Determine q(-3).
-12
Let c = -738 - -744. Let i(f) = -f + 4. Determine i(c).
-2
Let a(q) = 8*q**2 + 12*q + q**3 + 8*q**2 - 8*q**2 - 2*q**2 + 7*q**2. Give a(-12).
0
Suppose -2*o + 2 = -r - o, 4*o - 14 = r. Let n(k) = -6*k**r + 7*k**2 - 2*k**2 - 9*k - 6 + 0*k**2. What is n(-7)?
8
Let m be (-2*3)/(-2 - -1). Let n(c) be the first derivative of -c**5/20 + c**4/2 + c**2 + 12*c + 13. Let x(q) be the first derivative of n(q). Calculate x(m).
2
Suppose 2*r + 0 = -4. Let m(b) = -7*b**2 - 19 + 17 + b + 8*b**2. Give m(r).
0
Let k(n) = n**3 - n**2 + 3. Let q = 0 + 3. Suppose z - q = 1. Suppose -2*v = -m + z*m, 2*m + v = 0. Determine k(m).
3
Let w(j) be the third derivative of -j**8/10080 + j**7/5040 - j**6/720 + j**5/5 - 15*j**2. Let q(k) be the third derivative of w(k). What is q(2)?
-7
Let n(x) = -x**2 + x + 1. Suppose -15 = -5*y + 5. Let w = -9 - -9. Suppose w = f + f - y. Give n(f).
-1
Let q(u) be the third derivative of u**4/6 - 2*u**3 + 13*u**2 + 3. Determine q(4).
4
Let w be -1 + 7*(-1)/(-1). Let c(t) = -3*t**2 - t - 3. Let g(o) = -20*o**2 - 12*o - 14. Let d(r) = 7*c(r) - g(r). Give d(w).
-13
Let l(g) = -8*g**2 - 10 + 7*g**2 - 12 - 16 + 36 - 4*g. Suppose 3*a - 3 + 12 = 0. Give l(a).
1
Let s(u) = -u + 2. Let d(r) = r**2 + 4*r + 4. Let q be d(-3). Suppose -6 = -a - q. Suppose a*y = 9*y. What is s(y)?
2
Let x(r) = -270 - r - 277 - r**2 + 808 - 284. Let o = -4 - -4. Calculate x(o).
-23
Let v(p) be the second derivative of 4*p**3 + 112*p. Determine v(-1).
-24
Let t(x) = -x**3 - 12*x**2 + 24*x - 50. Let m be t(-14). Let p(u) = 5*u - 17. What is p(m)?
13
Let h(o) = -5*o**2 - 10*o - 3. Let m(s) = -11*s**2 - 20*s - 7. Let k(i) = 9*h(i) - 4*m(i). Give k(-7).
22
Let f(x) = -2*x**2 + x**2 + 105*x - 1 - 100*x. Determine f(6).
-7
Let k(l) be the first derivative of -l**2 + l + 2. Let j be k(-2). Let p(d) = -11 - 2*d**3 + 5*d + 0*d**3 + 16 + 3*d**3 - 6*d**2. Determine p(j).
5
Let c(z) be the first derivative of z**2/2 + 14*z + 34. Calculate c(-12).
2
Let t(i) = -i - 10. Let f(a) = -a**3 + 39*a**2 - 76*a + 74. Let x be f(37). Calculate t(x).
-10
Let z(n) = 2*n + 3. Let r be 96/32 - 1*8. Calculate z(r).
-7
Let p be 2/1 - (-12 - -22). Let c(m) = -m**3 - 8*m**2 - 2*m - 16. Let n be c(p). Let k(o) = -o - 9. Give k(n).
-9
Let j = 21 + -21. Suppose -3*y = -j*y - 6. Suppose y*r + 5*r + 21 = 0. Let l(m) = -m**3 - 2*m**2 - m + 3. What is l(r)?
15
Let p(u) = -3*u. Let z(w) = 4*w. Let a(c) = 3*p(c) + 2*z(c). Let m(s) = -s**2 + 5*s + 1. Let h(v) = -5*a(v) - m(v). Give h(-3).
8
Let c(y) = -y**2 - 5*y + 10. Let i be c(-6). Suppose -5*j + 5*p + 6 + 9 = 0, 0 = j - 4*p. Let x(t) = -j + t - 2 + 0. What is x(i)?
-2
Let p(d) = -d**3 + 14*d**2 - 9*d - 52. Let g be p(13). Let x(r) = 2*r - 1. Calculate x(g).
-1
Let p(z) be the third derivative of -z**6/120 + z**5/30 + z**3/6 - z**2. Let j = -142 - -145. Give p(j).
-8
Let l(d) = -d**3 + 5*d**2 - 5*d + 1. Let b be ((-16)/(-14))/((-6)/(-21)). Suppose b*j = 8*j + 84. Let h be (8/6)/((-7)/j). Calculate l(h).
-3
Let l(s) = s**2 - 6*s - 3. Let c = -267 - -272. Calculate l(c).
-8
Let c(u) = -u + 3. Let o = -104 + 114. Suppose -4*b = 2*k + 22, 4*b + 12*k = 14*k - o. Determine c(b).
7
Let r(c) = c**2 - 11